 the greatest common factor of l and 7?
7
Suppose -4*y - 5*u = -4 + 1, 5*y + 3*u - 7 = 0. Suppose -y*o = -0*o - 64. What is the greatest common divisor of o and 4?
4
Suppose -3*y - y = -52. Suppose -r + y - 2 = 2*f, -4*r - 4 = 0. Calculate the highest common factor of 6 and f.
6
Let k(x) = x. Let r(p) = -2*p + 6. Let o(y) = 3*k(y) - r(y). Let q be o(10). What is the highest common factor of q and 11?
11
Suppose 12*v + v = 2717. What is the greatest common factor of 19 and v?
19
Let d(f) = -f**2 - f + 5. Let r be d(4). Let y be -1*(-2)/((-2)/r). What is the greatest common divisor of y and 15?
15
Let j = -14 - -30. Let n be (6 - 9) + 10/2. Suppose 5*g + l - 635 = -4*l, 2*l = -n. What is the greatest common divisor of g and j?
16
Let h(p) = p**3 + 2*p**2 - 6*p. Let z be h(4). Calculate the greatest common factor of z and 18.
18
Suppose 0 = 5*z - 0*z + 5. Let v(m) = -48*m. Let r be v(z). Let j = 10 - 4. What is the highest common divisor of j and r?
6
Suppose -2*w + 4 = -2. Suppose -2*a + 4*t + 10 = 0, 0*a + 2*a + 4*t - 2 = 0. Let n be a/9 + 59/w. Calculate the greatest common factor of n and 40.
20
Let v(r) be the third derivative of r**5/30 + r**3/3 - r**2. Let j be v(-3). Suppose 2*d - 4*d = -40. Calculate the greatest common factor of j and d.
20
Suppose -5*n - 112 + 567 = 0. Suppose 0 = 5*m - 2*h - n, 47 = 5*m + h - 50. Suppose -m = 5*a - 54. Calculate the greatest common divisor of a and 7.
7
Let m be 32/4*(-7)/(-2). Calculate the highest common factor of 7 and m.
7
Let z = 6 - 1. Suppose t + 3*s - z*s - 102 = 0, -s = -5*t + 510. What is the highest common factor of t and 17?
17
Let k be -2 - (6*-2 + 1). What is the greatest common factor of 9 and k?
9
Let n be (-3)/(-21) + 384/7. Let g be 21*(-1 + 2) - -1. Calculate the highest common factor of n and g.
11
Let y(c) = -2*c - c + 0 + 6. Let z be y(-6). Suppose -5*g - 40 = -10*g. Calculate the greatest common divisor of z and g.
8
Suppose -v - j - j - 2 = 0, -5*v = -5*j - 20. Suppose 22 = 5*y + v. Calculate the greatest common factor of y and 12.
4
Let a = 1 - -2. Suppose 0*g - 3 = 3*g, 0 = a*i + 5*g - 16. Let z(k) = 2*k**2 - k - 1. Let y be z(-4). Calculate the greatest common divisor of i and y.
7
Let a be 48 + (-3)/1*1. Suppose -4*k = -3*m + 15, -15 = -2*m - 4*k + 15. Calculate the greatest common divisor of a and m.
9
Suppose -11*f = -403 + 40. What is the highest common divisor of 88 and f?
11
Let x = 37 - -54. What is the highest common divisor of 7 and x?
7
Suppose 0*q = 2*q - 6. Let i(j) = j**2 - 3*j. Let v be i(4). Suppose -q*z = -c - 19 - 146, v*z - 230 = -2*c. What is the highest common divisor of 8 and z?
8
Let w be 30/20 + (-1)/(-2). Let i be (w + -26)/(3/(-2)). Calculate the greatest common factor of i and 48.
16
Suppose 7*d - 165 = 2*d. Calculate the highest common factor of d and 11.
11
Let y(c) = -c**3. Let h be y(6). Let b be (1 - -1) + -2 - h. Let z be b/21 + 2/(-7). What is the highest common factor of z and 40?
10
Suppose 0*n = 3*n. Suppose -3*m + m = -4*c + 56, 3*c - 5*m - 28 = n. Calculate the greatest common factor of 2 and c.
2
Let u = 7 - -3. Let d be -2 - (-7 - 6/(-2)). Calculate the highest common factor of d and u.
2
Suppose -h = -5*h + 12. Let j(n) = 2*n - 14. Let t be j(10). Calculate the greatest common divisor of h and t.
3
Let p(q) = 2*q**2 - q + 8. Let u be p(-8). Calculate the greatest common factor of u and 18.
18
Suppose 4*u = 4*b + 16, -u + 5*b = 7 + 5. What is the highest common divisor of 20 and u?
4
Suppose 0 = 2*t + 5*d - 29, -t - 5*d = -0*t - 2. Suppose -270 + 108 = -s. Calculate the highest common divisor of s and t.
27
Suppose -3*c - 3*w = -15, -2 = 5*c - 5*w + w. What is the greatest common factor of c and 8?
2
Let u = 8 - 5. Suppose -67 + 1 = -3*h + u*v, 2*h - v = 40. Calculate the highest common factor of h and 12.
6
Let d be (2 - 2) + 2 + 17. Let b(j) = 152*j**3 - 2*j**2 + 3*j - 1. Let s be b(1). What is the greatest common factor of d and s?
19
Let o = -71 - -79. Let v(x) = -22*x + 21. Let w(z) = -7*z + 7. Let t(h) = -2*v(h) + 7*w(h). Let m be t(-5). What is the greatest common factor of m and o?
8
Suppose 4*s - 23 = -j + 7, -38 = -4*s + 3*j. What is the greatest common divisor of 8 and s?
8
Suppose -6*m = -4*m + 3*n - 9, -5*m + 5*n + 10 = 0. Let h = 10 - m. Calculate the highest common divisor of h and 7.
7
Suppose 42 = 4*z + 2*d, 5*z + d = 5*d + 59. Let i(x) = 23*x**2 - 3*x + 1. Let b be i(-2). Calculate the greatest common divisor of b and z.
11
Suppose 6*p - 8*p + 480 = 0. What is the greatest common factor of p and 30?
30
Suppose 5*c + h = 55, 4*c + 2*h - 23 - 21 = 0. Calculate the highest common factor of c and 33.
11
Let d be (-5)/(15/2) + 1448/12. Calculate the greatest common factor of 80 and d.
40
Suppose -3*j = 6, -2*q + 11 = -3*j - 9. Calculate the greatest common divisor of q and 77.
7
Suppose -28 = -4*d + 4. Let c(a) = -a**2 + 14*a - 24. Let l be c(11). Let f = l + d. Calculate the highest common divisor of f and 51.
17
Suppose 0 = -9*s + 299 + 2131. What is the greatest common factor of s and 30?
30
Let f be (39/18)/(-13) + 398/12. Calculate the greatest common factor of f and 99.
33
Let r = -3 - -6. Suppose 49*b + 12 = 53*b. Calculate the highest common divisor of b and r.
3
Suppose 8*q - 36 = 7*q. Calculate the highest common factor of q and 4.
4
Suppose -9*v = 8*v - 1377. What is the highest common factor of 9 and v?
9
Let i(j) = 64*j**3 + j - 1. Let p be i(1). Calculate the greatest common factor of 16 and p.
16
Suppose 2*q + 20 = 6*q. Let p be ((-2)/4 - -1)*20. Suppose q*r - 3*r = p. Calculate the greatest common divisor of 35 and r.
5
Let m = 4 - 1. Let u = m - 7. Let c be 18 + -3 - (u + 1). What is the highest common divisor of c and 6?
6
Suppose 79 + 57 = 4*w. Suppose -4 = 3*b - w. What is the highest common divisor of 10 and b?
10
Suppose -2*z + 250 - 26 = 0. Suppose 6 + 174 = 5*k + 2*d, -3*k = 2*d - 108. Let m = k - 20. What is the greatest common factor of m and z?
16
Suppose q = -0*w + 5*w - 90, 0 = -2*w + 4*q + 18. What is the greatest common divisor of 95 and w?
19
Suppose 0 = -6*g + 7*g - 5. Suppose -2*m + 4 = 10, -m + 27 = g*l. What is the greatest common divisor of l and 12?
6
Let z(a) be the second derivative of -a**3/6 + 3*a**2 + a. Let p be z(-10). Calculate the greatest common divisor of 32 and p.
16
Suppose 2*b - 3*o + 6 = 0, 0 = -2*o - 2 - 2. Let m(w) = w**2 + 4*w - 6. Let p be m(b). What is the highest common factor of p and 42?
6
Let n(d) = -d**3 - 6*d**2 - 5*d + 7. Let x be n(-5). What is the greatest common divisor of x and 21?
7
Suppose 4*v = 17 + 7. Suppose 0 = -v*o + o + 35. Calculate the highest common divisor of o and 14.
7
Suppose -4*d = d - 140. Let z be (-1 + d)/((-6)/(-28)). Calculate the highest common factor of 14 and z.
14
Suppose -4*k + 31 = -4*f - 1, -4*f = k + 7. What is the greatest common factor of k and 45?
5
Let r = -2 + 2. Suppose r = -z - 11 + 41. Suppose -l = -3*u - 3, 2*u + 2*u - 76 = -4*l. Calculate the greatest common factor of z and l.
15
Suppose 7*t - 288 = 3*t. Suppose -q + t = 5*r, -q + 4*r + 20 = -52. What is the highest common divisor of q and 8?
8
Let j be (0/(-3))/(1 + 1). Suppose 0 = -j*o - 2*o + 20. Calculate the greatest common divisor of o and 30.
10
Suppose -2*h + 7 - 1 = 0, 5*b - 5*h - 15 = 0. Let v be (-2)/(b/(-3)) - -69. Let c be 7 - (2/2 - 1). What is the highest common factor of c and v?
7
Suppose 2*v - 4 = 4. Calculate the greatest common factor of 28 and v.
4
Suppose 0 = 4*b - 10 - 34. Let c be 165/3 + (0 - 0). Calculate the greatest common divisor of c and b.
11
Suppose -2*n = 6, -2*n = -2*z + 26 + 2. Suppose 0 = 3*r - z - 37. Calculate the greatest common factor of 2 and r.
2
Let q be (-4)/(3 + 1*-4). Calculate the highest common divisor of q and 16.
4
Suppose -5*k = -0*k + 170. Let c = k - -99. What is the greatest common divisor of 26 and c?
13
Let x(r) = 3*r + 17. Let o(w) = 2*w + 18. Let m(p) = 4*o(p) - 5*x(p). Let s be m(-16). Calculate the greatest common divisor of s and 9.
9
Let f(x) = -21*x**3 - 2*x**2 - x. Let d be f(-1). Let z = d - 12. Let l = 26 - z. Calculate the highest common divisor of 9 and l.
9
Let w be ((-3)/(-9))/((-1)/(-9)). What is the greatest common factor of w and 1?
1
Suppose -65 = -3*r + 5*b + 15, 0 = -3*b - 3. What is the